he greatest common divisor of w and 83?
83
Suppose -67 = 6*o + 41. Let j = o + 21. What is the highest common factor of j and 33?
3
Let z(i) = i**3 - 9*i**2 + 9*i - 8. Let u be z(9). What is the greatest common divisor of 73 and u?
73
Let l = 5 + -2. Suppose h - 9 = -0*h + l*c, -3*c = 5*h - 9. Suppose -2*n = y - 70, -142 = -2*y - 8*n + h*n. What is the highest common divisor of y and 22?
22
Let c be 56*5/10 - (7 - 3). Calculate the greatest common factor of 40 and c.
8
Let i(r) = r**3 + 5*r**2 + 15*r - 24. Let b be i(4). Let s(l) = 5*l**2 + l. Let j be s(-2). Calculate the highest common factor of b and j.
18
Suppose -31*d + 36*d - 220 = 0. Let o = d - -36. Calculate the greatest common divisor of o and 10.
10
Let v be 3 + (0 - 1)*-2. Suppose 0 = -2*a + v*a - 54. Let n = 23 - a. What is the greatest common factor of n and 55?
5
Let t be (189/14)/9*16. Calculate the greatest common divisor of 132 and t.
12
Let v(m) = -m + 28. Let j be v(8). Suppose -4*c - 419 = -1059. What is the greatest common divisor of j and c?
20
Let x be 6/8*2*(-11 + 13). Suppose -x*a + u + 45 = -0*u, 4*a - 2*u = 60. Calculate the highest common divisor of 75 and a.
15
Let g(r) = -29*r**3 + 3*r**2 - 2*r - 4. Let q be g(-3). What is the greatest common divisor of 28 and q?
28
Let f(x) = -2*x + 2. Let w be f(1). Let g(a) = -a**3 + 6*a**2 - 2*a - 3. Let j be g(6). Let i be (w - j)*10/2. What is the greatest common factor of i and 15?
15
Suppose -2*d + 6 = -2. Suppose d*m - 340 = -4*p, -p + 4*m + 89 = 29. Calculate the highest common factor of 20 and p.
20
Let b(n) = -n + 3. Let p be b(-3). Let y be 4/32 + (-62)/(-16). Suppose y*o + 48 = 5*o. Calculate the greatest common divisor of o and p.
6
Suppose -5*x = -405 + 30. Let y = 125 - x. Let v(u) = 19*u**3 + 2*u**2 - u. Let t be v(1). What is the greatest common factor of y and t?
10
Let g = -386 - -611. Suppose -k + g = 5. Suppose -80 = f - 3*f - 2*u, 0 = -5*f - u + k. Calculate the greatest common factor of 30 and f.
15
Let g = -30 - -19. Let j(b) = -b**2 - 14*b - 28. Let v be j(g). Calculate the greatest common factor of v and 5.
5
Let d be (-2)/9 + (-3)/((-162)/3630). Calculate the highest common divisor of d and 134.
67
Let f = -3 - -7. Let m(r) = 4*r + 12. Let y be m(2). Calculate the highest common divisor of y and f.
4
Suppose 65 = -22*a + 131. Let i be (-58)/(-6) + 10/(-15). What is the highest common divisor of a and i?
3
Suppose -3*n - 3*q = -0*q - 30, -3*n = -5*q - 14. Suppose -2*d = -d - 14. Suppose 0 = -7*z + d - 7. What is the highest common factor of n and z?
1
Let s(i) = 37*i - 2. Let u be s(1). Let m = 18 - 30. Let j = m + 19. Calculate the highest common divisor of u and j.
7
Let z(i) = -i**2 - 12*i + 25. Let d be z(-14). Let f be d/(-5) + -1 - (-35)/25. Suppose 8 = q - x + 3, 4*q = -x. What is the highest common divisor of f and q?
1
Let w be (-619)/(-2) - 13/(-26). Let f = w + -148. What is the greatest common factor of f and 27?
27
Let j be 3600/162 + (-2)/9. Calculate the highest common factor of 33 and j.
11
Let r = 59 + -33. Let m = r - 12. Suppose -2*p + 7*p = 490. Calculate the greatest common factor of p and m.
14
Let p = 24 + -10. Suppose -2*n = -5*l - 0*n + 259, -l + 2*n + 47 = 0. Let j = l - 32. What is the greatest common factor of j and p?
7
Suppose -7 - 11 = -2*o - 2*k, o - 27 = 5*k. Let l be 183 + 1 + (-3 - -1). Let j = l + -86. Calculate the highest common factor of j and o.
12
Let z be ((-1)/2*1)/(1/8). Let g be z - 39/(-9) - 46/(-6). What is the greatest common factor of 16 and g?
8
Let o(p) = p**2 - p. Let m(g) = -g**3 + 15*g**2 - 7*g + 13. Let f(y) = -m(y) - 2*o(y). Let n be f(18). What is the greatest common factor of n and 43?
43
Suppose 4*n = 3*d + 288, 4 = -5*d + 24. What is the greatest common factor of n and 325?
25
Let v = 1036 - 1016. Calculate the greatest common factor of v and 32.
4
Suppose 4*s = -0*v + 3*v - 4879, 3*v - 5*s = 4880. Calculate the highest common factor of 25 and v.
25
Let r = -48 + 81. What is the highest common factor of r and 6?
3
Suppose 165*p = 155*p + 1020. What is the highest common divisor of p and 6?
6
Suppose 7*f = -3*f - 80. Let d(o) = o**2 - 42. Let t be d(f). What is the highest common divisor of 11 and t?
11
Let b be (-465)/(-5 + 28/8). Calculate the highest common divisor of b and 30.
10
Let i(u) = 3*u - 4. Let a be i(5). Let w(f) = -12*f**2 - 2 + 13*f + 0 + f**3 + 3. Let j be w(a). Calculate the greatest common factor of j and 184.
23
Let x(f) = f**2 - 6*f + 1. Let q = 14 + -7. Let s = 0 + q. Let v be x(s). What is the greatest common divisor of 32 and v?
8
Suppose -2*a - 5*o = -178, -111 = -a - 77*o + 80*o. What is the highest common divisor of a and 330?
33
Suppose -108 - 132 = -10*u. Let c be 50/15*(-432)/(-10). Suppose c = 3*d + d. Calculate the highest common factor of d and u.
12
Let p be ((-425)/10 + 1)*-2. Suppose 4*u + p = 99. Let d(m) = -m**3 + 3*m**2 + 3*m - 3. Let w be d(3). What is the greatest common divisor of w and u?
2
Suppose -3*f + 3*f = 11*f. Suppose -5*r + 3*r + 26 = 3*k, -2*k + 4*r - 4 = f. What is the highest common divisor of 24 and k?
6
Let x = 17 + -21. Let c(l) = -10*l - 4. Let t be c(x). What is the highest common factor of 9 and t?
9
Let o be (-92)/(-3) + -11*9/(-297). Calculate the greatest common factor of 31 and o.
31
Let x be -6 + (-27)/(-5) - (-106)/10. Let l(i) = -7*i - i - i**2 + 6*i**2 + 5. Let h be l(5). What is the highest common factor of x and h?
10
Suppose 105 = -n + 6*n. Let q be ((-45)/(-30) + (-1)/1)*4. Suppose p - 2*c = 16, 40 = p + 2*p + q*c. Calculate the greatest common factor of n and p.
7
Let d = 2144 + -2121. Suppose 2*i + 516 = 2*v - 0*v, -i = 3*v - 754. What is the greatest common factor of v and d?
23
Suppose -6160 = -56*u + 34*u. Calculate the greatest common divisor of u and 120.
40
Suppose -2*r - 1 = -7. Suppose -r*c - 2*o = -120, 46 = 4*c - 2*o - 128. What is the highest common factor of 28 and c?
14
Let x(u) = u**3 + 18*u**2 + 21*u + 32. Let i be x(-15). What is the highest common factor of 49 and i?
49
Let v(i) = -8*i**3 - 2*i + 1. Let d be v(1). Let g be (-2 - 1)*69/d. Let f(c) = -27*c - 28. Let q be f(-7). What is the greatest common divisor of g and q?
23
Let g(q) = -55*q**3 + 2*q**2 - 1. Let i be g(-1). Suppose 6*t - 419 = -335. Calculate the greatest common divisor of t and i.
14
Let g = -168 + 180. Calculate the greatest common factor of 4 and g.
4
Let a(s) = 2*s - 5. Let u be a(5). Suppose u*g + 62 = f, f = -2*f - 2*g + 118. Let k = -12 + 40. Calculate the highest common divisor of f and k.
14
Suppose 4*p + 10*p = 126. Let k = -1 + 46. What is the greatest common divisor of p and k?
9
Let l(y) = 79*y - 460. Let b be l(7). What is the greatest common divisor of b and 3?
3
Let j be -5 + 1 - (-64 - (10 + -5)). Calculate the highest common divisor of 221 and j.
13
Let s(w) = 8*w**2 - 1 - 11*w + 7 + 20*w + w**3. Let n be s(-6). Let j = -16 + n. What is the highest common factor of 12 and j?
4
Suppose -2315 = -5*z - 1845. Calculate the highest common factor of z and 2162.
94
Let b(a) = 28*a - 1. Let p be b(-1). Let c = p - -41. Suppose 14*k - 19*k = -4*u - 244, -k + 50 = -2*u. What is the greatest common factor of c and k?
12
Suppose -8*s + 86 = -6*s + 2*y, y = -1. What is the greatest common divisor of s and 352?
44
Let n = 285 - 140. Suppose 11*i + n = 1003. What is the highest common factor of i and 39?
39
Let v be (14/7)/((-1)/(-77)). Let k be (v/3)/(5/15). Calculate the greatest common factor of 22 and k.
22
Suppose 0 = -4*k + 3*q + 1126, -q - 1021 + 179 = -3*k. What is the greatest common divisor of 84 and k?
28
Suppose 14*q = 104 + 64. Calculate the greatest common divisor of q and 300.
12
Let j(q) = -q**3 - 5*q**2 + 5*q - 6. Let r be j(-6). Suppose r*o + 48 = 4*o. Let l = 16 - o. Calculate the greatest common divisor of l and 2.
2
Suppose 0 = 4*f - 345 + 165. What is the highest common factor of f and 153?
9
Let w be 39/(-2)*(-132)/9. Let u be (3 + 25/10 + -5)*52. Calculate the greatest common factor of w and u.
26
Suppose -4*y = -8*y - 4*b + 172, -2*y + 116 = -4*b. Suppose -5*x = -3*x - y. What is the highest common divisor of 3 and x?
3
Let l = -813 - -817. What is the highest common divisor of l and 198?
2
Let w = 105 - 109. Let u be 9 + w + 0 + 7. What is the greatest c